 q(b)?
-1
Let f = 266 - 262. Let q(v) = -v + 3. Give q(f).
-1
Let w(t) = t**2 - 4*t - t**3 + 3 + 0*t**2 - 1 + 2*t**2. Let p = 20 + -17. Give w(p).
-10
Let l = 2/157 - -153/314. Let k(q) be the second derivative of 3/20*q**5 + 5*q + 1/6*q**4 + 0 + 1/3*q**3 + l*q**2. What is k(-1)?
-2
Let t(o) = o**3 - o**2 + o - 1. Let z = 56 - 125. Let l = -69 - z. Give t(l).
-1
Let n be 210/18 - (-1)/3. Let g(j) be the first derivative of -j**2/2 + 10*j + 54. Give g(n).
-2
Suppose -5*y + 2*q = 1 - 6, q - 20 = -5*y. Suppose 0 = -4*j - 5*r + 26, 4 = j - 3*r + 6. Let w(p) = -4*p**2 + 6*p**3 + j - 11*p**3 + 4*p**y. What is w(-4)?
4
Let o(w) = 5*w - 46. Let g be o(6). Let d(z) = -z + 3. Determine d(g).
19
Suppose 35*p + 430 = 80. Let d(w) = -w**3 - 10*w**2 + w + 8. Calculate d(p).
-2
Suppose 5*r = 5*w + 30, -6 = w - 0*r + 3*r. Let o(t) = -t**3 - 7*t**2 - 8*t - 14. Determine o(w).
-2
Let r(c) be the first derivative of c**4/4 - 7*c**3/3 - c**2/2 + 9*c + 2. Let s = 263 + -256. What is r(s)?
2
Let f(y) = -y - 1. Let t = -37 - -23. Let i = t + 14. Calculate f(i).
-1
Let i(p) = p**2 - p. Let l be (9 - 10)*3/6*-10. Calculate i(l).
20
Let c(y) = -y**3 - 4*y**2 - 2*y + 4. Let w be c(-3). Let l = 76 - 74. Let f(t) = -l*t**3 - t**2 - 14*t + 3*t**3 + 1 + 13*t + 0. What is f(w)?
0
Let o(f) = f - 2. Let r = 0 + 5. Suppose -8*m + 6*m = 11*m. Suppose m = -i - r. Give o(i).
-7
Suppose -n - 4 = x - 2, 2*n + 18 = 5*x. Let o(m) = 2*m + x + 2 - 6*m + 5*m. Determine o(-8).
-4
Let o(a) = -17*a + 23*a - 16*a. Give o(2).
-20
Let a(i) = i**2 + 5*i + 1. Suppose 4*p = -5*x - 18, 8 + 4 = -3*x - 3*p. Let s(c) = 12*c**2 - 22*c**2 + 6*c**2 + 5*c**2 + 3*c - 3. Let f be s(x). Calculate a(f).
1
Let h(c) = 2*c**3 + 2*c**2 - 2*c. Let y = -439 + 437. What is h(y)?
-4
Let v(n) be the first derivative of 7*n - 5 - 1/2*n**2. Suppose 0*m + 24 = 4*m. Give v(m).
1
Let t(j) = -2*j**2 + 4*j**2 + j - j**2 - 3 - 3*j. Let n(i) = -9*i - i**2 + 0 - 3 - 2. Let u be n(-8). Determine t(u).
0
Let t(m) = -2*m + m - 7*m + 0*m. Let c = 6 + -5. Give t(c).
-8
Let d(f) = -39*f + 20*f + 18*f + 7 - f**2. Determine d(-5).
-13
Let b(q) be the first derivative of 58 - 12*q - 1/2*q**2. What is b(-10)?
-2
Let d(v) = -8*v**2 + v**3 + 3*v**2 - 2 - 1 + 3*v**2 - 1. Give d(3).
5
Suppose -3*s + 90 = 2*s. Suppose 0*o = -o + s. Suppose -3 = -2*v - 3*c, 3*v + c - o + 3 = 0. Let z(w) = -3*w + 8. What is z(v)?
-10
Let p(j) be the first derivative of -9*j - 1/3*j**3 + 11 + 4*j**2. What is p(8)?
-9
Let w = 880 - 864. Let d(i) = -2*i + 38. Determine d(w).
6
Suppose 20 = -4*c, -5*p - 2*c - 3 = 27. Let f(l) be the second derivative of 5/2*l**2 + 0 - 1/3*l**3 - 4*l. Determine f(p).
13
Suppose -u + 0*u + 8 = -5*g, 16 = -5*g - 3*u. Let b be (-5)/3 - g/3. Let n(t) = 3*t + 1. What is n(b)?
-2
Let w(x) = 5*x**2 - 4*x + 3. Let u(i) = 6*i**2 - 4*i + 3. Let s(t) = -2*u(t) + 3*w(t). Let b be s(2). Let j(m) = -m**2 + 8*m + 7. Give j(b).
14
Suppose -x + 3*w - 2*w = -5, -x + 10 = 4*w. Let u(o) = o - 14. Determine u(x).
-8
Let r(o) = -5 + 0*o + 5 + 0*o - 1 - 2*o. What is r(4)?
-9
Let q(h) = -h - 2. Let s(r) = -3 - 8*r**2 - 9*r + 2 + 4*r**2 + 3*r**2. Let m be s(-9). What is q(m)?
-1
Let l(n) = 5*n**2 - 11*n**2 + n**3 + 4*n**2 + 3 + 2*n + 0 - 2. Suppose 0*b + 5*b = 10. Calculate l(b).
5
Let r(s) be the third derivative of -3*s**4/4 + s**3/6 + 189*s**2 - s. What is r(-1)?
19
Let k(m) = -m + 10. Let n be k(4). Let x(a) = -a**3 - 5*a - 7 + 0*a**3 + 5 - n*a**2 - a. Determine x(-4).
-10
Let v(b) = -19*b**3 - b**2 - b - 1. Let l be v(-1). Let j(c) = l*c + 24*c - 33*c. Suppose -n + o = -5, -2*n - 6 = -o + 3*o. What is j(n)?
9
Let p(z) = -3*z - 44*z**2 + 2*z - 1 - 26*z**2 + 76*z**2. What is p(1)?
4
Let j(w) = w**2 - 9*w + 5. Let h = 31 + -29. Suppose -q + 10 = h. What is j(q)?
-3
Let a(s) = -s**3 + 6*s**2 - 5. Suppose 0 = -172*b + 154*b + 108. Give a(b).
-5
Suppose f = -s + 7, -2*f + 21 = -2*s + 3*f. Let p(y) = -3*y**2 + 0 + s*y**2 + 1 - y. Calculate p(-2).
-1
Let z(n) = -5*n**2 - 3 - 21*n + 25*n + 3*n**2 + 3*n**2. Let y(g) = -g + 10. Let t be y(5). Suppose 2 = -h, 0 = 5*m - 2*h + t + 11. Calculate z(m).
-3
Let s(j) = -2 + 3 + 0 - j. Suppose 0 = 23*x - 14667 + 14736. What is s(x)?
4
Suppose -795*p = -783*p - 120. Let d(i) = i**2 - 5*i - 14. Give d(p).
36
Let o(u) = 9*u**2 + u. Suppose -3*i + 4 = -3*y - 2, 2*i + 5*y = 4. Suppose i*n - 2 = -0*n. Calculate o(n).
10
Let t be (-4)/5*(-10 - 0). Suppose 2 = 3*m + t. Let b(i) be the first derivative of 4*i**3/3 - i**2/2 - 2*i - 1. Give b(m).
16
Let n(x) = 6*x + 35. Let o be n(-11). Let u = 26 + o. Let i(p) = -p + 3. Calculate i(u).
8
Suppose 4 = 2*o - 2*z, 4*z = o - 4*o - 8. Suppose 6 = 4*f - 2*k, 5*k - 3 = 4*f - o. Let p = -8 + f. Let n(i) = -i**2 - 3*i + 3. Give n(p).
-7
Let b(m) be the second derivative of -m**4/12 - 4*m**3/3 - 7*m**2/2 + 164*m. Let z be (-58)/7 + 6/21. Give b(z).
-7
Let p(g) = 1 - 56*g**2 + 57*g**2 + 18*g + 21. Give p(-16).
-10
Let q(c) = 20*c**3 - 39*c**3 - c + 16*c**3 + c. Give q(2).
-24
Let k(v) be the second derivative of -v**4/12 - v**3 + 2*v**2 + 13*v. Give k(-8).
-12
Suppose -4*l + 2*p = -48, -l + p = -3*l + 16. Let j(i) = -4*i - 3 + 9*i - 3 - l*i. Determine j(-6).
24
Let k(m) = m**2 - 16. Let r = -628 + 628. What is k(r)?
-16
Let q be -2*(1 - 2) - (1 + 5). Let t be 1 + q + 5/(35/(-28)). Let l(z) = -z**2 - 5*z + 1. Determine l(t).
-13
Suppose 63 = 14*v - 7. Let x(h) be the second derivative of -h**5/20 + h**4/3 + h**3/2 + 7*h**2/2 + h. What is x(v)?
-3
Let u = 225 + -223. Let k(h) be the first derivative of -1 - h**u + 5/3*h**3 - 2*h + 1/4*h**4. Determine k(-5).
8
Let t(d) = 17*d - 2. Let j(m) = -18*m + 1. Let x(i) = 6*j(i) + 7*t(i). Determine x(-3).
-41
Let k = -703 - -714. Let l(v) = v**3 - 12*v**2 + 13*v - 16. Calculate l(k).
6
Let o = -683 + 685. Let a(t) = -3*t**2 + 4*t. Let i(l) = -l**2 + l. Let q(p) = -2*a(p) + 7*i(p). What is q(o)?
-6
Let s be (-2)/1 + (-14)/2. Let w(d) be the second derivative of d**4/12 + 5*d**3/3 + 5*d**2/2 + 1039*d + 1. Determine w(s).
-4
Let q(g) = -g**3 + 13*g**2 + 7*g + 5. Let h(u) = -2*u**2 - 5. Let w(k) = -3*h(k) - q(k). Determine w(8).
18
Suppose 17*m + m = 2646. Let f(n) = 2 + n**2 + m*n - 52*n - 48*n - 48*n. What is f(0)?
2
Let x(f) = 7*f**2 + 3*f + 28. Let z(c) = 11*c**2 + 5*c + 43. Let u(v) = 8*x(v) - 5*z(v). Let j(r) = r**2 - 4 + 3*r + 4. Let k be j(-3). Calculate u(k).
9
Let r(k) be the third derivative of 0*k**4 + 0*k**5 + 0*k + 0 + 2/3*k**3 + 3*k**2 - 1/360*k**6. Let m(z) be the first derivative of r(z). Determine m(-2).
-4
Let s(a) = -18*a + 6*a + 5*a + 8*a + 0*a. Suppose 0*h - 14 = 2*h. Determine s(h).
-7
Suppose 98*w - 126 = 77*w. Let g be (1/(-2))/((-3)/12). Let b(z) = -3*z**2 + 2*z**g - 2 + 7*z - 1. Determine b(w).
3
Let y(k) = k**3 - k**2 - 3. Suppose -2*z + 3*o = 62, -2*z + 5*o = -4*z - 30. Let c = z + 36. Let t = 11 - c. Give y(t).
-3
Let o(w) = -5*w + 3*w - 2*w - 17 + 3*w. Give o(-6).
-11
Let v(o) = -o**3 - 5*o**2 - 7*o - 5. Suppose 0 = -12*i + 23*i + 44. Calculate v(i).
7
Let f(y) = 1228*y**3 - 3 - 1230*y**3 + 2*y**2 + 2. Determine f(-2).
23
Suppose 3*y + 2*j = 6*y + 35, -3*j + 15 = -2*y. Let q be (((-100)/y)/10)/(2/12). Let t(f) = f**3 - 4*f**2 + f + 3. Calculate t(q).
7
Let q(o) = 4*o**2 + 3*o - 4 + 4*o**2 - 13*o**2 + 8*o**2. Suppose x + 0*x = -3. Give q(x).
14
Let l be 0/(-3 - (-3)/3). Suppose 3*s + 3*t = -l*s + 3, 5*t + 25 = 5*s. Let j(o) = -1 + 6*o + s - 1 + o**2 + 5. Calculate j(-4).
-2
Let x(l) be the first derivative of 7 - 1/3*l**3 + 10*l + 1/2*l**2. Calculate x(0).
10
Let f(r) = -31 - 11*r - 27 - 2 + r**2 + 41. Calculate f(13).
7
Let m(l) be the first derivative of -l**4/4 + 5*l**3/3 - 2*l**2 - l + 36. What is m(3)?
5
Let z(u) = 4*u - 12 - 734*u**3 + 0*u - 6*u**2 + 735*u**3 + 3. Give z(4).
-25
Let u(l) be the first derivative of 0*l**2 - 3 - 1/4*l**4 - l + 0*l**3. Let y be -2 - (0 + 2 + -3). Determine u(y).
0
Let f(l) = -l + 6. Suppose -40 = -25*x + 21*x + 4*a, 5*a = -x - 2. Determine f(x).
-2
Let i = 1 + -3. Let a = 33 - 31. Let f(d) = 2 - 4 - d**a + 4 - 4. Calculate f(i).
-6
Let o(k) = -5 - 6*k**2 + 2 - k**3 - 2 - 3*k. Let n(y) = 205*y - 1850. Let u be n(9). What is o(u)?
-15
Let p(m) = -m**2 - m - 1. Let f = 2 + 3. Suppose -50 = f*c - 0*c. Let h = -10 - c. What is p(h)?
-1
Let y(x) be the third derivative of x**4/12 - 7*x**3/2 + 